-37*w**3 - 611*w**2 + 2*w + 611*w**2 - 7 + 245*w**3. Is v(2) a composite number?
True
Let j = 14 + 35. Suppose 3*x + 37 - j = 0. Is 1/(x/928) - 1/(-1) prime?
True
Let n = -73537 + 8495. Let d = 96133 + n. Is d a prime number?
True
Is ((3 - -13) + 277)/((-2)/(-34)) prime?
False
Let p(o) = 158*o + 60. Let f be p(-5). Let k = f + 1404. Is k a prime number?
False
Suppose 110*t - 112*t = -10. Suppose -14*v - t*v + 198113 = 0. Is v prime?
True
Let k(q) be the second derivative of 5*q**4/4 + q**3/2 - 3*q**2/2 - 24*q. Let n be k(-5). Suppose -9*u = -6*u - n. Is u a prime number?
False
Suppose 24 = -4*o + 7*o + 5*n, 5*o + 4*n - 27 = 0. Suppose 0*r + 25197 = o*m - 5*r, r + 41995 = 5*m. Is m composite?
True
Suppose -5*x + 2*r = -4657, 6*x = 11*x + 4*r - 4651. Let v = 2772 - x. Is v prime?
False
Is (-1 + 15/12)*(508494 - 2) a prime number?
True
Let r(v) = 382*v**3 + v**2 + v - 23. Suppose 0 = -5*i + 3*y + 20, -y = 4*i - 15 - 1. Is r(i) a composite number?
True
Is (1/5 - ((-392)/(-35) + -10)) + 43472 a composite number?
True
Suppose -6 = 8*v - 6*v. Is (-1)/v + (-244968)/(-36) a composite number?
True
Let z(k) = -k**2 + 8*k - 4. Let y be z(6). Suppose w = -w - y. Is 1257 - (-2)/(-4)*(0 - w) prime?
False
Suppose 120366 = 20*x - 2*x. Suppose -3*s - 6*s = -x. Is s composite?
False
Let h(j) = 16*j**2 + 143*j + 199. Is h(-36) a prime number?
True
Let y(k) = 1139*k**3 + 14*k**2 - 15*k + 1. Is y(8) composite?
True
Let c(j) = 68*j**2 - 8*j + 34. Let m be c(12). Is 8/(-12) - m/(-6) prime?
True
Let u(v) = -42*v - 16. Let f be ((-6)/(-4))/((-9)/(-48)). Let h be (f/(-6) - 1/(-3)) + -4. Is u(h) a prime number?
False
Suppose -5*a - 2*h - 15 = 0, 0 = -3*a - h + 3*h - 25. Let j(i) = 62*i - 11. Let u(s) = -62*s + 11. Let c(m) = a*u(m) - 4*j(m). Is c(9) composite?
False
Let u = 3404 - -965. Is u a composite number?
True
Is ((-728)/(-784) - 6/14)/((-2)/(-119752)) prime?
False
Let k = 161768 + -59271. Is k a composite number?
False
Let y(o) = 267*o - 7. Let p(l) = 21 - 577*l + 202*l - 426*l. Let x(w) = 4*p(w) + 11*y(w). Is x(-2) a composite number?
False
Suppose -12 = 17*p + 22. Is 0*4/12 - (-37 - p) composite?
True
Suppose 3*g - 4*g = 2*l - 92277, 4*l - 461361 = -5*g. Is g prime?
True
Let j(q) be the second derivative of -q**7/840 + 7*q**6/120 + 7*q**5/60 - 3*q**4/8 - 5*q**3/6 - 12*q. Let b(f) be the second derivative of j(f). Is b(17) prime?
False
Let d = 36 - 26. Suppose -13*q + 18*q = d. Suppose c - q*t + 161 = 2*c, -310 = -2*c + 2*t. Is c prime?
True
Let a = 11977 - -7254. Is a composite?
False
Suppose -3*w + 3*s - s + 77073 = 0, -5*w + 2*s = -128459. Is w a composite number?
False
Suppose 197*f - 85120 = 190*f. Suppose 5*u - 60920 = -y, u = -0*u - 5*y + f. Is u composite?
True
Suppose -52*h + 53*h = 4, 0 = -s - 5*h + 79321. Is s prime?
True
Let s = -17549 - -78718. Is s composite?
False
Suppose -4*g - 1506 = -5*s, s + 2*s - 5*g - 901 = 0. Let y be ((-40)/24)/((-2)/216) - 1. Let m = s - y. Is m a prime number?
False
Suppose 73951*j - 73905*j = 18225982. Is j a composite number?
False
Suppose -4*r + 276582 = -5*w + 853359, -w = -5*r - 115347. Is w a prime number?
False
Let g(j) be the third derivative of 377*j**4/24 - 29*j**3/3 - 77*j**2. Is g(3) composite?
True
Let k be (-14)/21 - 172/(-6) - 2. Is k/(-65) + (-27957)/(-5) prime?
True
Let k(i) = 5*i - 22. Let x be k(-18). Let j = x - -375. Is j composite?
False
Suppose 2 = -9*y + 38. Suppose -3*o + 5*l + 19058 = -33628, -y*o - 2*l = -70274. Is o a prime number?
False
Let l = 63765 - 36181. Suppose -y + l = 655. Is y a prime number?
False
Is ((-51)/85*5/(-3))/((-2)/(-240946)) prime?
True
Is (-7059598)/(-22) - (-942)/5181 a prime number?
False
Suppose 0 = 3*f - 3 - 3. Suppose -4*i = -2*z - 4, -2 = -f*i - 0*i + 2*z. Is i + 1 + 46 + 3 a prime number?
False
Suppose -2*a - 2*o = -o + 29, -4*a + 5*o - 51 = 0. Let t be a/(-6) - (-11)/(165/10). Suppose -4*f = -t*m + 4*m - 2827, 2*m + 2*f - 5624 = 0. Is m composite?
True
Let j(w) = -w**3 + 3*w**2 - 3*w - 6. Let a be j(4). Let n = 34 + a. Suppose 5*s + 3*x - 86 = 349, n = -4*s + 5*x + 348. Is s a prime number?
False
Suppose 3*q - 4*z - 2294 = 0, -2*q - 8*z + 1520 = -13*z. Suppose -765*m - 72915 = -q*m. Is m a prime number?
False
Let n(y) = -15562*y + 7. Is n(-1) a prime number?
True
Let a(m) be the first derivative of 31*m**7/70 - m**6/360 + m**5/60 - m**4/12 + 12*m**3 + 27. Let i(g) be the third derivative of a(g). Is i(1) a prime number?
False
Suppose 3*s = -3*a + 296097, 17*s + 8 = 13*s. Is a composite?
True
Suppose 81 = -12*r - 87. Let k = 38 + -19. Is k*3/(-6)*r prime?
False
Suppose -2*m - 1 = n - 0, 0 = -m - 3*n - 13. Suppose -18058 = -5*x - 3*p, m*x + 3*p = 5*x - 10830. Is x a prime number?
False
Suppose 5*z = 5*c - 15 - 0, -z = -2*c + 2. Is 9357*-1*c/(0 + 3) composite?
False
Suppose 4*b = k - 5405 - 5072, 0 = -3*k - 2*b + 31445. Is k prime?
False
Let q be (-608)/(-24)*(-18)/(-24). Suppose 21*i - q*i + 3*a = 20713, i - 4*a - 10329 = 0. Is i composite?
True
Let l(i) = 304*i**2 - 1998*i - 143. Is l(-50) a prime number?
False
Let l = -154267 - -326414. Is l a composite number?
False
Suppose 20 = 5*b - 3*g, -2*b + g + 5 + 4 = 0. Let i(d) = 13*d**3 - 9*d**2 - 4*d - 1. Is i(b) composite?
False
Let s(a) = 5 - 3 + 3 - 4 + 2*a + 150*a**2. Let x be s(-1). Let u = 442 - x. Is u composite?
False
Let k = -222 + 218. Is (k/16 + 0)*-2060 composite?
True
Suppose -32614 - 75005 = -2*r + 5*h, 5*r - 2*h - 268953 = 0. Is r a prime number?
False
Let u = 59698 - -35829. Is u a composite number?
False
Let i(m) = m**2 - 13. Let g be i(-10). Is (381/4)/(g/7076) a prime number?
False
Let z be -1 - (1 + 2 - (4 + 0)). Let f be 3*4/36*z - -2. Suppose -4*y + o = -14021, 0 = -5*o - f - 3. Is y prime?
False
Suppose 10*f - 42612800 - 20413405 = -155*f. Is f prime?
True
Let y(n) = 221*n**2 - 18*n + 38. Let h(t) = -t**2 - 26*t - 162. Let c be h(-17). Is y(c) prime?
False
Suppose -1723 = 18*i - 11029. Is i a composite number?
True
Let f = 352661 + -21894. Is f composite?
False
Suppose 15*f - 40500 = 88860. Suppose 4*g = 4*l - f, 2*l + 5*g - 3313 = 992. Is l a composite number?
True
Let q(x) = -22382*x + 673. Is q(-3) composite?
False
Suppose -68 = -122*k + 126*k. Let x(a) = -2*a**3 - 10*a**2 + 26*a + 27. Is x(k) a prime number?
True
Suppose 4*j + 12*k = 14*k + 176214, 0 = j + 4*k - 44085. Is j prime?
False
Suppose -z = -4*j - 10391, 0 = 3*j - 7*j + 20. Is z a composite number?
True
Let b(u) = u**3 + 16*u**2 + 32*u - 408. Is b(31) composite?
False
Is -5 + 337857 - (16/(10 - 2))/(-2) a composite number?
False
Let a be ((-9)/(-6) + -3)*(0 + -8). Suppose -14*t + 18398 = -a*t. Suppose 5*i - 3252 + t = 3*f, 4*i = -8. Is f a composite number?
False
Suppose -160*j = -245*j + 19525945. Is j a prime number?
True
Suppose -20*m + 24*m = 52. Suppose -5 = -6*c + m. Suppose -s - 3086 = -c*s. Is s composite?
False
Suppose -5*p + 2*v = -13646501, 0 = 5*p + v - 653946 - 12992576. Is p composite?
False
Suppose -181*k + 2502709 - 160388 = 0. Is k a prime number?
True
Suppose -5*x + 3*p + 5627314 = 0, 32*x + 2*p + 2250920 = 34*x. Is x prime?
False
Suppose 4*n + 24709 = 5*p, 3*p - 2450 = -3*n + 12397. Suppose -4*v = 4*u - 1707 - 4929, 3*v - p = 5*u. Is v a composite number?
True
Suppose -5*b + 0*u + 73 = -2*u, -3*b = 4*u - 23. Suppose b*p - 18*p + 40 = 0. Is 171/2 - 4/p a prime number?
False
Let v = 39788 - 829. Is v a prime number?
True
Let y = -266 - -264. Is (y - 2/(-1)) + -7 + 6948 prime?
False
Let x be ((-46272)/10)/(10/(-50)). Suppose 5*h = -4*g + x, -g + 5*g - h - 23160 = 0. Suppose g = 3*t - 2*y, 0*t - 4*t = 2*y - 7728. Is t prime?
True
Suppose -3*z - 52016 = -5*d, -4*d + 4*z - z + 41611 = 0. Is d a composite number?
True
Suppose 360*q - 364*q = -358564. Is q a prime number?
False
Let p(h) = h**3 + 21*h**2 - h - 49. Let u be p(-21). Is (153367/4 - (-21)/u) + 4 prime?
False
Let q(x) = 2743*x**2 - 4*x - 177. Is q(-10) composite?
False
Let b(c) = -181*c + 4. Let q be b(-2). Suppose -3*o - q - 207 = 0. Let n = o + 748. Is n prime?
True
Suppose 6*k - 18 - 24 = 0. Suppose -3*v + k*v = 5872. Suppose -10*r + v = -2342. Is r composite?
True
Suppose -4*c + 2*f + 432182 = 0, 3*c + 2*f = 20086 + 304033. Is c composite?
True
Let x = 3 + -7. Suppose -1 = -g - o, 2*o - 3 = -g + 3*o. Is g/x*-2*251 prime?
True
Suppose 0 = -4*y - r + 13, -